 6*n + 98 = 0. Let z = 3 + -1. What is the greatest common divisor of n and z?
2
Suppose -5*w + 6*w = 11. Suppose -o - l = -72 - 1, -5*o + l = -389. What is the highest common divisor of o and w?
11
Let a(t) = -8*t - 4. Let k be a(-3). Let z = -154 + 164. What is the highest common divisor of k and z?
10
Suppose 3*q - 4*q = -3. Let r be q - (1 - (2 + 0)). What is the greatest common factor of r and 36?
4
Let x = -11 + 25. What is the highest common divisor of x and 42?
14
Let r = 53 - -32. Calculate the highest common factor of r and 34.
17
Let g = -80 - -219. Let d = -73 + g. Let k be (d/15)/(2/10). Calculate the greatest common divisor of k and 55.
11
Suppose -2*i = 3*i - 200. Suppose -64 = -0*k - 4*k. Calculate the greatest common divisor of i and k.
8
Let w = -8 - -5. Let i(d) = -d**3 - 2*d**2 - 3*d. Let y be i(w). Calculate the highest common factor of y and 144.
18
Let n(q) = -q**3 + 6*q**2 + 15*q - 1. Let p be n(7). Calculate the greatest common factor of 22 and p.
11
Let m(r) = -8*r**3 + r + 1. Let f be m(-1). Suppose 0 = 4*l - 4*g - 92, 0 = g + 3 - 0. What is the greatest common divisor of l and f?
4
Suppose 0 = 4*t + 34 - 166. Calculate the greatest common divisor of 11 and t.
11
Suppose 4*g - 62 = -a + 116, 5*a = -4*g + 858. Calculate the greatest common factor of 68 and a.
34
Let d(w) = -11*w - 3. Let z be d(-5). Suppose 0*p - z = -4*p. Calculate the highest common factor of 52 and p.
13
Let m = 22 + -12. Let c be -1*(-3 + 2 - -1). Suppose k + 5*b - 5 - 30 = c, -12 = -4*b. What is the greatest common divisor of m and k?
10
Let k = 297 + -152. What is the highest common divisor of k and 29?
29
Suppose 3*x + 5*w = 50, 5*x + 0*w + 4*w - 79 = 0. What is the greatest common factor of 165 and x?
15
Let u(a) = -a**2 + 14*a + 13. Let z be u(13). Suppose -o - 6 = -z. What is the highest common divisor of o and 220?
20
Suppose 0*u = 5*u - 50. Suppose 2*c = 5*v - 74, -3*c + c = -v + u. Let s = -9 + v. Calculate the greatest common factor of 49 and s.
7
Suppose -2*l + 59 - 17 = 0. Let f be -2*(18/(-4))/3. Suppose 0 = -f*v - 21 + 63. Calculate the greatest common divisor of l and v.
7
Let r(y) = -y**2 - 7*y + 9. Let g be r(-8). Suppose i + g = 2*i. Suppose -2*j = 5*s + 18, -5*s - 7 = 5*j - 2*s. What is the highest common divisor of i and j?
1
Suppose -4*q - 326 = l + 2*l, -q = -5*l + 93. Let r be 314/(-8) - (-3)/12. Let i = r - q. Calculate the highest common divisor of i and 66.
22
Suppose -6 + 26 = 5*v. Let r be ((-48)/(-30))/((-4)/(-70)). Calculate the highest common divisor of r and v.
4
Let a(y) = 3*y - 15. Let n be a(6). Let t be (10 - 1)*2/3. Suppose -r = t*c - n*c, -3*r - 4*c = -5. Calculate the highest common factor of 3 and r.
3
Let y(x) = 33*x**3 + 2*x**2 - 4*x + 3. Let q be y(1). What is the highest common divisor of 51 and q?
17
Let u be ((-5)/(-4))/(14/56). Suppose -n = -u*n + 64. Calculate the greatest common factor of n and 4.
4
Let j be 0 + 0 + -2 - -17. What is the greatest common factor of j and 30?
15
Let m(i) = -380*i**2 - 16*i + 5. Let r(u) = 76*u**2 + 3*u - 1. Let s(z) = 2*m(z) + 11*r(z). Let d be s(1). What is the highest common factor of 19 and d?
19
Let v(p) = -9*p - 12. Let n be v(-8). Let x be (0 + (-2)/(-3))*18. Calculate the greatest common divisor of n and x.
12
Let q(i) = i**2 + 8*i - 4. Let o be q(-6). Let h = -11 - o. What is the highest common divisor of 40 and h?
5
Let f = 11 + -8. Let i = 269 + -266. Calculate the greatest common factor of i and f.
3
Let h(d) = d**3 + 7*d**2 + 8*d + 6. Let i be h(-6). Let y = -1 - i. Let q = -1 + 2. What is the highest common factor of y and q?
1
Suppose -4*r - 240 = -2*j, -2*r + 141 + 379 = 4*j. Calculate the highest common divisor of j and 32.
32
Suppose -3*w = -4*g + 12, w = 3*g + g - 4. Let x = w - -6. Suppose 4*l - d - 12 = 0, d - 20 = -x*l - 2*d. What is the highest common factor of 4 and l?
4
Suppose -8*r - 64 = -10*r. What is the greatest common divisor of r and 16?
16
Let r(n) = n**3 + 9*n**2 - 4*n. Let f = 11 - 18. Let x be r(f). Calculate the greatest common factor of 14 and x.
14
Let b(f) = -f**3 + 6*f**2 + 6*f + 3. Let p be b(7). Let x be p*(1/(-2) - 0). Suppose -x*q = q - 6. What is the highest common factor of q and 22?
2
Let h(r) = 6*r**3 - 3*r**2 + 5*r - 2. Let x be h(1). What is the highest common divisor of 102 and x?
6
Let y be (-7 - 0 - 4)/(-1). Suppose -44 = -3*l - l. Calculate the greatest common divisor of y and l.
11
Suppose -3*x = -8*x + 60. What is the highest common divisor of x and 48?
12
Let i(x) = -x**2 - 7*x + 3. Let f be i(-3). What is the greatest common factor of f and 5?
5
Suppose -101 + 11 = 5*x. Let j = x + 46. What is the highest common divisor of j and 70?
14
Let l = -36 - -54. What is the greatest common divisor of 18 and l?
18
Suppose -148 = 2*t - 3*t - 4*z, -2*t + 5*z = -244. Suppose 4*m - t = -3*u, -2*u - 3*u = 0. Calculate the highest common divisor of 3 and m.
3
Let s = 16 + 26. Calculate the greatest common divisor of 56 and s.
14
Suppose 11 = -4*n + 47. What is the highest common factor of 45 and n?
9
Let l(k) = k**3 - 2*k**2 - 5*k + 6. Suppose r - 6*r - 14 = -b, 0 = b - 3*r - 10. Let x be l(b). What is the greatest common factor of 36 and x?
18
Let u = 88 - 52. Let q = 36 + -12. Calculate the greatest common factor of u and q.
12
Let p(b) = b + 14. Let o be p(-12). Let q be (2 - o) + (-13)/(-1). Calculate the greatest common factor of 117 and q.
13
Let w(v) = -33*v + 1. Let p be w(-7). Calculate the greatest common factor of 29 and p.
29
Let r be 8082/63 + 4/(-14). Calculate the highest common divisor of 16 and r.
16
Suppose 0 = -v - u + 15, 0 = -4*v - 0*u - 2*u + 54. What is the greatest common divisor of 36 and v?
12
Let m(q) = q**2 + 8*q - 1. Let v be m(-11). What is the highest common divisor of 48 and v?
16
Let f(j) = -2*j**3 - 12*j**2 - 11*j + 5. Let p be f(-7). Calculate the greatest common divisor of p and 20.
20
Let r = -3 + 0. Let j(w) = -w**2 - 5*w - 4. Let t be j(r). Let m be 40/t*8/20. Calculate the greatest common factor of m and 88.
8
Suppose b + 5 = -2*t, -5*t = 2*b - b + 20. Calculate the greatest common factor of b and 10.
5
Let x be -12*5/(15/8). Let v = x + 67. What is the highest common divisor of v and 5?
5
Suppose 3*z + 9 = 42. Let k = z - -3. Let c(s) = 34*s**2 - 5*s. Let d be c(2). What is the highest common divisor of k and d?
14
Let t = 15 + -11. Suppose t*b = 68 + 20. Calculate the greatest common divisor of 2 and b.
2
Suppose -4*l - 2*c + 486 = 0, 0 = -3*l - 2*c + 432 - 66. What is the greatest common factor of l and 15?
15
Suppose -2*x + 54 = 2*f, -3*x + x + 5*f = -47. What is the greatest common factor of 26 and x?
26
Suppose -76 = -7*r - 20. Calculate the highest common factor of 64 and r.
8
Let f = -8 - -5. Let u be f/4 + (-9)/(-12). Let t = 6 - u. Calculate the highest common divisor of 15 and t.
3
Suppose -2*q - 4 = -6. Let f be q*(1 - 2) - -154. Calculate the highest common factor of f and 17.
17
Let l be (-1 - -11)/((-1)/(-7)). Let o = 21 - 11. What is the highest common divisor of l and o?
10
Suppose 0*o - 12 = -o. Let k(h) = h**3 - 13*h**2 + 23*h - 7. Let z be k(11). Calculate the highest common divisor of o and z.
4
Let v = -95 + 203. Let j = v - 52. What is the greatest common divisor of j and 8?
8
Suppose 6*k = 8*k - 4. What is the greatest common divisor of 10 and k?
2
Let d = -22 - -70. Suppose i + 3*x = 39 + d, i = 5*x + 111. Calculate the greatest common factor of 12 and i.
12
Suppose 23 = 5*t - 17. What is the greatest common factor of t and 12?
4
Let i be 4/(-8) + (-49)/(-2). What is the greatest common divisor of i and 60?
12
Let s = -2 + 8. Let b = -9 + s. Let k be 20*(b/(-3) + 3). Calculate the greatest common factor of 10 and k.
10
Let w = 1 + 2. Suppose 0 = -w*f + f + 8. Let x be 25/10*f/5. Calculate the highest common divisor of 20 and x.
2
Let n be (6 - 0) + -1 + 0. Suppose 0 = -g + n*q + 101 - 12, -3*q = 3*g - 303. What is the greatest common factor of 11 and g?
11
Let u(k) = k**3 - 10*k**2 + 12*k + 12. Let c be u(10). Let n be (8/(-3))/((-6)/27). What is the highest common factor of n and c?
12
Let m be (8/(-6))/((-18)/27). What is the highest common divisor of 10 and m?
2
Suppose 4 = -j + 5*v, j - v - 30 = -2*j. Suppose -2*g + 88 = -p - p, 0 = 2*g + 2*p - 88. Suppo